{"id":1131,"date":"2024-08-08T12:38:05","date_gmt":"2024-08-08T12:38:05","guid":{"rendered":"https:\/\/wwsystem.com.pl\/dev\/produkt\/subiekt-nexo-1st-vendero-sklep-3000-tow-e-lic\/"},"modified":"2024-08-08T13:03:37","modified_gmt":"2024-08-08T13:03:37","slug":"subiekt-nexo-1st-vendero-sklep-3000-tow-e-lic","status":"publish","type":"product","link":"https:\/\/wwsystem.com.pl\/dev\/produkt\/subiekt-nexo-1st-vendero-sklep-3000-tow-e-lic\/","title":{"rendered":"Subiekt nexo 1st. + vendero sklep 3000 tow. (e-lic.)"},"content":{"rendered":"<p>Opis<br \/>\nSubiekt nexo 1 st + vendero sklep 3000 towar\u00f3w (licencja elektroniczna)<br \/>\nLicencja InsERT nexo<br \/>\nCharakterystyka<br \/>\nSubiekt to program, kt\u00f3ry kompleksowo wspomaga obs\u0142ug\u0119 sprzeda\u017cy w ma\u0142ych i \u015brednich firmach \u2013 sklepach, hurtowniach, warsztatach, zak\u0142adach us\u0142ugowych itp. Ma przyjazny i intuicyjny interfejs, kt\u00f3ry u\u0142atwia i przyspiesza prac\u0119, a bogata funkcjonalno\u015b\u0107 zaspokaja potrzeby nowoczesnych przedsi\u0119biorc\u00f3w, bez wzgl\u0119du na bran\u017c\u0119.<br \/>\nvendero to proste i wygodne narz\u0119dzie do zarz\u0105dzania w\u0142asnym e-sklepem i prowadzenia biznesu w Internecie. Daje mo\u017cliwo\u015b\u0107 stworzenia trzech typ\u00f3w serwis\u00f3w: sklepu internetowego, witryny z ofert\u0105 i firmowej strony www. W tej promocji dost\u0119pna jest aplikacja, kt\u00f3ra umo\u017cliwia za\u0142o\u017cenie sklepu z ofert\u0105 do 3 tys. produkt\u00f3w.<br \/>\nNajwa\u017cniejsze funkcje Subiekta nexo<br \/>\ndokumenty:<br \/>\npe\u0142na obs\u0142uga wszystkich typ\u00f3w dokument\u00f3w handlowych i magazynowych;<br \/>\nklienci<br \/>\ndane klient\u00f3w obejmuj\u0105ce informacje typu CRM;<br \/>\nmo\u017cliwo\u015b\u0107 przypisywania zdefiniowanych cennik\u00f3w do poszczeg\u00f3lnych klient\u00f3w;<br \/>\nzam\u00f3wienia:<br \/>\nmo\u017cliwo\u015b\u0107 nadawania ka\u017cdej pozycji dokumentu indywidualnego terminu realizacji;<br \/>\nkartoteka towar\u00f3w, us\u0142ug, opakowa\u0144 zwrotnych; dzia\u0142y sprzeda\u017cy w kartotece;<br \/>\nfinanse:<br \/>\nobs\u0142uga r\u00f3\u017cnych rodzaj\u00f3w p\u0142atno\u015bci, sprzeda\u017cy kredytowanej, cesji na innego p\u0142atnika, zaliczek dla pracownik\u00f3w;<br \/>\nkompleksowa obs\u0142uga kasy z rejestrowaniem operacji;<br \/>\nintegracja z systemami finansowo-ksi\u0119gowymi Rachmistrz nexo i Rewizor nexo;<br \/>\nrozliczenia:<br \/>\nprowadzenie rozrachunk\u00f3w, rozliczenia wielowalutowe, wezwania do zap\u0142aty, noty odsetkowe, kompensaty;<br \/>\nrozbudowana obs\u0142uga rachunk\u00f3w bankowych (m.in. do ZUS-u i podatkowych) oraz bankowo\u015bci elektronicznej online i za pomoc\u0105 wymiany plik\u00f3w (wybrane banki).<br \/>\nWymagania systemowe<br \/>\nInsERT Subiekt nexo &#8211; aktualne wymagania systemowe.<br \/>\nNajwa\u017cniejsze korzy\u015bci vendero<br \/>\nw\u0142asny nowoczesny e-sklep stworzony z wykorzystaniem szablon\u00f3w graficznych i widget\u00f3w \u2013 gotowych lub dostosowanych do indywidualnych potrzeb,<br \/>\nkontrola nad sprzeda\u017c\u0105 dzi\u0119ki synchronizacji z Subiektem nexo i Subiektem GT,<br \/>\nmo\u017cliwo\u015b\u0107 p\u0142atno\u015bci internetowych, w tym PayU,<br \/>\nzarz\u0105dzanie serwisem z dowolnego miejsca na \u015bwiecie, wystarczy dost\u0119p do Internetu,<br \/>\nhosting i czytelny adres internetowy \u2013 domena i serwer w pakiecie.<br \/>\nWymagania systemowe vendero<br \/>\nlicencja do Subiekta nexo;<br \/>\nsta\u0142y dost\u0119p do internetu;<br \/>\nprzegl\u0105darka internetowa.<br \/>\nJak skorzysta\u0107 z oferty promocyjnej? To bardzo proste<br \/>\nKup program Subiekt nexo w promocyjnym zestawie.<br \/>\nZarejestruj go.<br \/>\nPo rejestracji Subiekta otrzymasz e-maila z linkiem do formularza, w kt\u00f3rym nale\u017cy potwierdzi\u0107 ch\u0119\u0107 aktywowania licencji vendero. Nie trzeba robi\u0107 tego od razu \u2013 czas na aktywacj\u0119 mija 31 grudnia 2024 r.<br \/>\nJe\u017celi zdecydujesz si\u0119 na aktywacj\u0119 licencji vendero, kliknij w link otrzymany w e-mailu \u2013 znajdziesz si\u0119 na stronie z formularzem. Wprowad\u017a dane firmy, a nast\u0119pnie wy\u015blij formularz.<br \/>\nJeste\u015b gotowy, by sprzedawa\u0107 przez internet!<\/p>\n","protected":false},"excerpt":{"rendered":"<p>Testowy produkt<\/p>\n","protected":false},"featured_media":1130,"comment_status":"open","ping_status":"closed","template":"","meta":[],"product_brand":[],"product_cat":[30],"product_tag":[],"class_list":{"0":"post-1131","1":"product","2":"type-product","3":"status-publish","4":"has-post-thumbnail","6":"product_cat-sprzedaz-i-magazyny","8":"first","9":"instock","10":"featured","11":"shipping-taxable","12":"purchasable","13":"product-type-simple"},"_links":{"self":[{"href":"https:\/\/wwsystem.com.pl\/dev\/wp-json\/wp\/v2\/product\/1131"}],"collection":[{"href":"https:\/\/wwsystem.com.pl\/dev\/wp-json\/wp\/v2\/product"}],"about":[{"href":"https:\/\/wwsystem.com.pl\/dev\/wp-json\/wp\/v2\/types\/product"}],"replies":[{"embeddable":true,"href":"https:\/\/wwsystem.com.pl\/dev\/wp-json\/wp\/v2\/comments?post=1131"}],"version-history":[{"count":0,"href":"https:\/\/wwsystem.com.pl\/dev\/wp-json\/wp\/v2\/product\/1131\/revisions"}],"wp:featuredmedia":[{"embeddable":true,"href":"https:\/\/wwsystem.com.pl\/dev\/wp-json\/wp\/v2\/media\/1130"}],"wp:attachment":[{"href":"https:\/\/wwsystem.com.pl\/dev\/wp-json\/wp\/v2\/media?parent=1131"}],"wp:term":[{"taxonomy":"product_brand","embeddable":true,"href":"https:\/\/wwsystem.com.pl\/dev\/wp-json\/wp\/v2\/product_brand?post=1131"},{"taxonomy":"product_cat","embeddable":true,"href":"https:\/\/wwsystem.com.pl\/dev\/wp-json\/wp\/v2\/product_cat?post=1131"},{"taxonomy":"product_tag","embeddable":true,"href":"https:\/\/wwsystem.com.pl\/dev\/wp-json\/wp\/v2\/product_tag?post=1131"}],"curies":[{"name":"wp","href":"https:\/\/api.w.org\/{rel}","templated":true}]}}