{"id":1161,"date":"2024-08-08T12:38:09","date_gmt":"2024-08-08T12:38:09","guid":{"rendered":"https:\/\/wwsystem.com.pl\/dev\/produkt\/sello-nx-system-wspomagajacy-sprzedaz-internetowa\/"},"modified":"2024-08-08T13:03:37","modified_gmt":"2024-08-08T13:03:37","slug":"sello-nx-system-wspomagajacy-sprzedaz-internetowa","status":"publish","type":"product","link":"https:\/\/wwsystem.com.pl\/dev\/produkt\/sello-nx-system-wspomagajacy-sprzedaz-internetowa\/","title":{"rendered":"Sello NX &#8211; system wspomagaj\u0105cy sprzeda\u017c internetow\u0105"},"content":{"rendered":"<p>Opis<br \/>\nAbonament roczny dla jednego stanowiska<br \/>\nCharakterystyka<br \/>\nSello NX to nowoczesny system do obs\u0142ugi sprzeda\u017cy internetowej. Dzi\u0119ki integracji z najpopularniejszymi firmami kurierskimi doskonale sprawdza si\u0119 tak\u017ce jako narz\u0119dzie do zarz\u0105dzania wysy\u0142kami.<br \/>\nProgram zapewnia m.in. automatyzacj\u0119 codziennych zada\u0144, \u0142atwy dost\u0119p do najwa\u017cniejszych danych o produktach i klientach oraz wsp\u00f3\u0142prac\u0119 z systemami sprzeda\u017cy Subiekt nexo\/nexo PRO i Subiekt GT, co znacz\u0105co przyspiesza prac\u0119, pozwalaj\u0105c zaoszcz\u0119dzi\u0107 czas i pieni\u0105dze.<br \/>\nWyszukiwanie wolnych termin\u00f3w, kontakt z klientami i pracownikami &#8211; zarezerwuj.pl automatyzuje te i wiele innych czynno\u015bci, znacz\u0105co skracaj\u0105c czas niezb\u0119dny do dokonania rezerwacji i zwi\u0119kszaj\u0105c zadowolenie klient\u00f3w, a w efekcie &#8211; przychody firmy.<br \/>\nSello NX ju\u017c teraz usprawnia e-handel na Allegro, a w kolejnych wersjach system b\u0119dzie rozbudowywany o obs\u0142ug\u0119 innych platform handlowych i sklep\u00f3w internetowych.<br \/>\nNajwa\u017cniejsze funkcje<br \/>\nobs\u0142uga serwisu Allegro;<\/p>\n<p>integracja z InPost, DPD, Poczt\u0105 Polsk\u0105 oraz Pocztex 2.0;<\/p>\n<p>mo\u017cliwo\u015b\u0107 automatyzacji codziennych czynno\u015bci zgodnie z potrzebami u\u017cytkownika;<\/p>\n<p>wsp\u00f3\u0142praca z systemami sprzeda\u017cy Subiekt nexo\/nexo PRO oraz Subiekt GT, dzi\u0119ki czemu mo\u017cna wystawia\u0107 dokumenty sprzeda\u017cy przy minimalnym nak\u0142adzie pracy;<\/p>\n<p>\u0142atwy dost\u0119p do danych \u2013 w ka\u017cdym momencie mo\u017cna szybko dotrze\u0107 do wszelkich informacji dotycz\u0105cych zar\u00f3wno bie\u017c\u0105cej sprzeda\u017cy, jak i historycznych, pod warunkiem, \u017ce zosta\u0142y zapisane w lokalnej bazie danych;<\/p>\n<p>praca wielostanowiskowa \u2013 lokalna baza umo\u017cliwia prac\u0119 na tych samych danych wielu u\u017cytkownikom jednocze\u015bnie, ka\u017cdemu z nich mo\u017cna nada\u0107 odpowiednie uprawnienia (np. dost\u0119p tylko do okre\u015blonych danych);<\/p>\n<p>obs\u0142uga dowolnej liczby kont w serwisach internetowych, z kt\u00f3rymi Sello NX jest zintegrowane;<\/p>\n<p>edycja ofert wystawionych w serwisie z poziomu programu;<\/p>\n<p>pilnowanie stan\u00f3w magazynowych w serwisach przy sprzeda\u017cy wielokana\u0142owej.<\/p>\n","protected":false},"excerpt":{"rendered":"<p>Testowy produkt<\/p>\n","protected":false},"featured_media":1160,"comment_status":"open","ping_status":"closed","template":"","meta":[],"product_brand":[],"product_cat":[31],"product_tag":[],"class_list":{"0":"post-1161","1":"product","2":"type-product","3":"status-publish","4":"has-post-thumbnail","6":"product_cat-sprzedaz-internetowa","8":"first","9":"instock","10":"shipping-taxable","11":"purchasable","12":"product-type-simple"},"_links":{"self":[{"href":"https:\/\/wwsystem.com.pl\/dev\/wp-json\/wp\/v2\/product\/1161"}],"collection":[{"href":"https:\/\/wwsystem.com.pl\/dev\/wp-json\/wp\/v2\/product"}],"about":[{"href":"https:\/\/wwsystem.com.pl\/dev\/wp-json\/wp\/v2\/types\/product"}],"replies":[{"embeddable":true,"href":"https:\/\/wwsystem.com.pl\/dev\/wp-json\/wp\/v2\/comments?post=1161"}],"version-history":[{"count":0,"href":"https:\/\/wwsystem.com.pl\/dev\/wp-json\/wp\/v2\/product\/1161\/revisions"}],"wp:featuredmedia":[{"embeddable":true,"href":"https:\/\/wwsystem.com.pl\/dev\/wp-json\/wp\/v2\/media\/1160"}],"wp:attachment":[{"href":"https:\/\/wwsystem.com.pl\/dev\/wp-json\/wp\/v2\/media?parent=1161"}],"wp:term":[{"taxonomy":"product_brand","embeddable":true,"href":"https:\/\/wwsystem.com.pl\/dev\/wp-json\/wp\/v2\/product_brand?post=1161"},{"taxonomy":"product_cat","embeddable":true,"href":"https:\/\/wwsystem.com.pl\/dev\/wp-json\/wp\/v2\/product_cat?post=1161"},{"taxonomy":"product_tag","embeddable":true,"href":"https:\/\/wwsystem.com.pl\/dev\/wp-json\/wp\/v2\/product_tag?post=1161"}],"curies":[{"name":"wp","href":"https:\/\/api.w.org\/{rel}","templated":true}]}}