{"id":1163,"date":"2024-08-08T12:38:09","date_gmt":"2024-08-08T12:38:09","guid":{"rendered":"https:\/\/wwsystem.com.pl\/dev\/produkt\/sello-licencja-elektroniczna-abonament-roczny\/"},"modified":"2024-08-08T13:03:37","modified_gmt":"2024-08-08T13:03:37","slug":"sello-licencja-elektroniczna-abonament-roczny","status":"publish","type":"product","link":"https:\/\/wwsystem.com.pl\/dev\/produkt\/sello-licencja-elektroniczna-abonament-roczny\/","title":{"rendered":"Sello (licencja elektroniczna abonament roczny)"},"content":{"rendered":"<p>Opis<br \/>\nAbonament roczny do jednego konta z serwisu aukcyjnego<br \/>\nLicencja Sello<br \/>\nCharakterystyka<br \/>\nSello to nowoczesny system stworzony z my\u015bl\u0105 o tych, kt\u00f3rzy sprzedaj\u0105 towary w serwisach aukcyjnych i poszukuj\u0105 wszechstronnego, a jednocze\u015bnie prostego narz\u0119dzia do obs\u0142ugi aukcji internetowych. Program komunikuje si\u0119 z serwisem Allegro.pl wspieraj\u0105c sprzedawc\u0119 na wszystkich etapach sprzeda\u017cy.<br \/>\nSello umo\u017cliwia szybkie przygotowanie serii aukcji i \u015bledzenie ich przebiegu. Pozwala lepiej kontrolowa\u0107 p\u0142atno\u015bci od klient\u00f3w. Pomaga przygotowa\u0107 paczki i stworzy\u0107 dla nich odpowiednie druki.<br \/>\nSello znacznie u\u0142atwia kontakty z klientami dzi\u0119ki kompleksowej obs\u0142udze poczty elektronicznej. Umo\u017cliwia tworzenie serii list\u00f3w za pomoc\u0105 szablon\u00f3w oraz automatyczne generowanie i wysy\u0142anie wiadomo\u015bci do kupuj\u0105cych (np. potwierdzenie otrzymania wp\u0142aty, informacja o wys\u0142aniu towaru itd.). Otrzymane e-maile zostaj\u0105 automatycznie podpi\u0119te do aukcji, transakcji, paczek i klient\u00f3w.<br \/>\nSello wsp\u00f3\u0142pracuje z popularnymi systemami sprzeda\u017cy: Subiektem GT i Subiektem nexo. Dzi\u0119ki temu mo\u017cna sprzedawa\u0107 towary z systemu sprzeda\u017cy na aukcjach internetowych, wystawia\u0107 faktury, paragony itp. Dodatkowo Sello zaktualizuje na aukcjach trwaj\u0105cych stany towarowe, a w razie wyprzedania towaru zako\u0144czy aukcje. Wska\u017ce tak\u017ce r\u00f3\u017cnice w cenie aukcji i towaru i pomo\u017ce zaktualizowa\u0107 te ceny w serwisie aukcyjnym.<br \/>\nNajwa\u017cniejsze funkcje<br \/>\nobs\u0142uga serwisu Allegro.pl;<br \/>\nmo\u017cliwo\u015b\u0107 obserwowania przebiegu wszystkich aukcji w jednym miejscu;<br \/>\nobs\u0142uga wielu kont z serwis\u00f3w aukcyjnych;<br \/>\n\u0142atwe i szybkie przygotowywanie aukcji, tworzenie opis\u00f3w, wiadomo\u015bci do klient\u00f3w dzi\u0119ki wbudowanym szablonom;<br \/>\nzaawansowany system tworzenia opis\u00f3w i szablon\u00f3w z wykorzystaniem tag\u00f3w i modyfikator\u00f3w;<br \/>\nobs\u0142uga p\u00f3l w\u0142asnych towaru, zewn\u0119trznego systemu sprzeda\u017cy, podmiotu, licznik\u00f3w w\u0142asnych;<br \/>\nzbiorcze wystawianie aukcji;<br \/>\nobs\u0142uga zbiorczych zmian na danych przechowywanych w bazie programu;<br \/>\nobs\u0142uga formularzy opcji dostaw i p\u0142atno\u015bci Allegro;<br \/>\nr\u0119czna i automatyczna aktualizacja stan\u00f3w towaru w serwisie aukcyjnym;<br \/>\nzbiorcza mo\u017cliwo\u015b\u0107 zmiany cen towar\u00f3w wystawionych w serwisie;<br \/>\nr\u0119czna i zbiorcza podmiana miniaturek na aukcjach trwaj\u0105cych;<br \/>\nmodyfikacja niekt\u00f3rych danych aukcji trwaj\u0105cych;<br \/>\nzbiorcza obs\u0142uga paczek poprzez listy wysy\u0142kowe;<br \/>\nprzygotowywanie wszystkich niezb\u0119dnych wydruk\u00f3w do paczek, w tym obs\u0142uga puli numer\u00f3w nadawczych od Poczty Polskiej;<br \/>\nmo\u017cliwo\u015b\u0107 dostosowania dost\u0119pnych wydruk\u00f3w do potrzeb u\u017cytkownik\u00f3w dzi\u0119ki wbudowanemu edytorowi;<br \/>\njednoczesna obs\u0142uga wielu kont pocztowych;<br \/>\nautomatyczne rozpoznawanie i przypisywane wiadomo\u015bci do klienta, aukcji, transakcji lub paczki;<br \/>\nmo\u017cliwo\u015b\u0107 zdefiniowania wiadomo\u015bci automatycznych, generowanych po pewnych zdarzeniach w programie, np. rejestracja wp\u0142aty od klienta czy wys\u0142anie paczki;<br \/>\npobieranie komentarzy do transakcji;<br \/>\nmo\u017cliwo\u015b\u0107 pracy wielu u\u017cytkownik\u00f3w na wsp\u00f3lnej bazie danych;<br \/>\nautomatyczne wysy\u0142anie i odbieranie danych;<br \/>\nwsp\u00f3\u0142praca z Subiektem GT oraz Subiektem nexo (pobieranie informacji o towarach i ich stanach z systemu sprzeda\u017cy do Sello; wystawianie zam\u00f3wie\u0144 i dokument\u00f3w sprzeda\u017cy);<br \/>\nprzygotowywanie wydruk\u00f3w magazynowych zawieraj\u0105cych list\u0119 towar\u00f3w do danej paczki;<br \/>\nregu\u0142y wiadomo\u015bci pozwalaj\u0105ce lepiej rozdziela\u0107 i segregowa\u0107 otrzymane wiadomo\u015bci;<br \/>\nszablony opis\u00f3w aukcji, umo\u017cliwiaj\u0105ce \u0142atwe przygotowanie ca\u0142ej serii estetycznych aukcji;<br \/>\nponowne wystawianie aukcji archiwalnych;<br \/>\nnotatki dla transakcji i paczek mo\u017cliwe do przenoszenia na wydruki oraz dokumenty w Subiekcie nexo\/GT;<br \/>\nminiaturki zdj\u0119\u0107 przedmiot\u00f3w na listach aukcji i towar\u00f3w;<br \/>\nwbudowana wsp\u00f3\u0142praca z kurierami: Paczkomaty, Geis Parcel PL;<br \/>\notwarty mechanizm eksportowania paczek umo\u017cliwiaj\u0105cy eksport danych do dowolnego systemu kurierskiego;<br \/>\nwbudowany edytor wydruk\u00f3w.<br \/>\nWi\u0119cej o programie Sello na sello.pl oraz forum.sello.pl.<br \/>\nWymagania systemowe<br \/>\nSello &#8211; aktualne wymagania systemowe.<\/p>\n","protected":false},"excerpt":{"rendered":"<p>Testowy produkt<\/p>\n","protected":false},"featured_media":1162,"comment_status":"open","ping_status":"closed","template":"","meta":[],"product_brand":[],"product_cat":[31],"product_tag":[],"class_list":{"0":"post-1163","1":"product","2":"type-product","3":"status-publish","4":"has-post-thumbnail","6":"product_cat-sprzedaz-internetowa","8":"first","9":"instock","10":"shipping-taxable","11":"purchasable","12":"product-type-simple"},"_links":{"self":[{"href":"https:\/\/wwsystem.com.pl\/dev\/wp-json\/wp\/v2\/product\/1163"}],"collection":[{"href":"https:\/\/wwsystem.com.pl\/dev\/wp-json\/wp\/v2\/product"}],"about":[{"href":"https:\/\/wwsystem.com.pl\/dev\/wp-json\/wp\/v2\/types\/product"}],"replies":[{"embeddable":true,"href":"https:\/\/wwsystem.com.pl\/dev\/wp-json\/wp\/v2\/comments?post=1163"}],"version-history":[{"count":0,"href":"https:\/\/wwsystem.com.pl\/dev\/wp-json\/wp\/v2\/product\/1163\/revisions"}],"wp:featuredmedia":[{"embeddable":true,"href":"https:\/\/wwsystem.com.pl\/dev\/wp-json\/wp\/v2\/media\/1162"}],"wp:attachment":[{"href":"https:\/\/wwsystem.com.pl\/dev\/wp-json\/wp\/v2\/media?parent=1163"}],"wp:term":[{"taxonomy":"product_brand","embeddable":true,"href":"https:\/\/wwsystem.com.pl\/dev\/wp-json\/wp\/v2\/product_brand?post=1163"},{"taxonomy":"product_cat","embeddable":true,"href":"https:\/\/wwsystem.com.pl\/dev\/wp-json\/wp\/v2\/product_cat?post=1163"},{"taxonomy":"product_tag","embeddable":true,"href":"https:\/\/wwsystem.com.pl\/dev\/wp-json\/wp\/v2\/product_tag?post=1163"}],"curies":[{"name":"wp","href":"https:\/\/api.w.org\/{rel}","templated":true}]}}