{"id":1165,"date":"2024-08-08T12:38:10","date_gmt":"2024-08-08T12:38:10","guid":{"rendered":"https:\/\/wwsystem.com.pl\/dev\/produkt\/vendero-sklep-1000-produktow-lic-elektroniczna\/"},"modified":"2024-08-08T13:03:40","modified_gmt":"2024-08-08T13:03:40","slug":"vendero-sklep-1000-produktow-lic-elektroniczna","status":"publish","type":"product","link":"https:\/\/wwsystem.com.pl\/dev\/produkt\/vendero-sklep-1000-produktow-lic-elektroniczna\/","title":{"rendered":"vendero &#8211; sklep 1000 produkt\u00f3w -lic. elektroniczna"},"content":{"rendered":"<p>Opis<br \/>\nvendero &#8211; sklep 1000 produkt\u00f3w (licencja elektroniczna na 1 rok u\u017cytkowania)<br \/>\nLicencja vendero<br \/>\nCharakterystyka<br \/>\nvendero to prosty i wygodny spos\u00f3b na zaistnienie z biznesem w Internecie. Aplikacja umo\u017cliwia posiadaczom systemu InsERT GT lub InsERT nexo za\u0142o\u017cenie sklepu internetowego, witryny z ofert\u0105 lub firmowego serwisu &#8211; szybko i \u0142atwo, bez specjalistycznej wiedzy na temat tworzenia stron WWW. Intuicyjny kreator poprowadzi u\u017cytkownika krok po kroku do gotowej witryny w ci\u0105gu zaledwie kilku minut. Wystarczy wybra\u0107 jeden z wielu szablon\u00f3w graficznych, liczb\u0119 podstron i elementy, kt\u00f3re maj\u0105 si\u0119 na nich znale\u017a\u0107. Stworzonym w ten spos\u00f3b serwisem mo\u017cna zarz\u0105dza\u0107 z dowolnego miejsca z dost\u0119pem do Internetu.<br \/>\nDzi\u0119ki vendero mo\u017cna stworzy\u0107 jeden z trzech typ\u00f3w serwis\u00f3w:<br \/>\nsklep internetowy &#8211; umo\u017cliwia wygodn\u0105 sprzeda\u017c towar\u00f3w z Subiekta GT lub Subiekta nexo. Zam\u00f3wienia ze sklepu trafiaj\u0105 bezpo\u015brednio do Subiekta, a panel administracyjny zapewnia pe\u0142n\u0105 kontrol\u0119 nad zawarto\u015bci\u0105, wygl\u0105dem oraz funkcjonalno\u015bci\u0105 serwisu;<br \/>\nwitryna z ofert\u0105 &#8211; strona prezentuj\u0105ca szczeg\u00f3\u0142ow\u0105 ofert\u0119 produkt\u00f3w i us\u0142ug (z podzia\u0142em na kategorie). Dane o towarach s\u0105 importowane z Subiekta GT lub Subiekta nexo do witryny (m.in. nazwa, cena, zdj\u0119cia towaru). Mo\u017cna tam zamie\u015bci\u0107 r\u00f3wnie\u017c informacje o firmie, aktualno\u015bci i dane kontaktowe;<br \/>\nfirmowy serwis WWW &#8211; serwis, w kt\u00f3rym mo\u017cna zamieszcza\u0107 najwa\u017cniejsze informacje o firmie, og\u00f3lny opis oferty (bez prezentowania produkt\u00f3w), aktualno\u015bci, dane kontaktowe itp.<br \/>\nUwaga!<br \/>\nAby korzysta\u0107 z vendero, nale\u017cy posiada\u0107 licencj\u0119 Subiekta GT (od wersji 1.38) lub Subiekta nexo\/PRO (od wersji 6.0.0.).<br \/>\nWi\u0119cej o programie vendero na www.vendero.pl.<br \/>\nNajwa\u017cniejsze zalety vendero<br \/>\n\u0142atwy i szybki start \u2013 w\u0142asny sklep lub witryn\u0119 mo\u017cna za\u0142o\u017cy\u0107 za pomoc\u0105 kilku klikni\u0119\u0107 \u2013 wszystkie dane s\u0105 pobierane z uzupe\u0142nionych p\u00f3l w systemie InsERT GT lub InsERT nexo, a prosty kreator prowadzi krok po kroku przez ca\u0142y proces zak\u0142adania witryny;<br \/>\nprosta modyfikacja wygl\u0105du witryny \u2013 gotowe szablony graficzne oraz widgety pozwalaj\u0105 dostosowa\u0107 witryn\u0119 do indywidualnych preferencji; zawarto\u015b\u0107, uk\u0142ad i kolorystyk\u0119 serwisu mo\u017cna w dowolnym momencie modyfikowa\u0107;<br \/>\nkompletny pakiet \u2013 nie ma potrzeby wykupywania domeny i serwera \u2013 pakiet obejmuje hosting oraz prosty i czytelny adres internetowy;<br \/>\nsta\u0142y dost\u0119p \u2013 serwisem stworzonym w vendero mo\u017cna zarz\u0105dza\u0107 z dowolnego miejsca; wystarczy urz\u0105dzenie z dost\u0119pem do Internetu i przegl\u0105darka stron WWW;<br \/>\nintegracja z Subiektem GT lub Subiektem nexo \u2013 wszystkie wybrane towary i us\u0142ugi z Subiekta automatycznie pojawiaj\u0105 si\u0119 w sklepie, a ka\u017cde z\u0142o\u017cone zam\u00f3wienie trafia do Subiekta, co zapewnia pe\u0142n\u0105 kontrol\u0119 nad prac\u0105 ca\u0142ego systemu;<br \/>\nprzejrzysta informacja \u2013 dok\u0142adne zestawienie zam\u00f3wie\u0144 pozwala w ka\u017cdym momencie sprawdzi\u0107, na jakim etapie realizacji znajduje si\u0119 dany zakup &#8211; i to zar\u00f3wno po stronie klienta, jak i administratora sklepu;<br \/>\nkomunikacja z klientami \u2013 mechanizm powiadomie\u0144 pomaga utrzyma\u0107 bezpo\u015bredni kontakt z klientami i na bie\u017c\u0105co informowa\u0107 ich o nowych ofertach;<br \/>\nintegracja z p\u0142atno\u015bciami internetowymi PayU \u2013 vendero umo\u017cliwia wyb\u00f3r wielu rodzaj\u00f3w p\u0142atno\u015bci, w tym szybkich p\u0142atno\u015bci PayU.<br \/>\nWymagania systemowe vendero<br \/>\ndla sklepu internetowego oraz witryny z ofert\u0105 \u2013 licencja do Subiekta GT (wersja 1.38 lub wy\u017csza) lub Subiekta nexo (wersja 6.0.0 lub wy\u017csza);<br \/>\ndla firmowego serwisu WWW \u2013 licencja do dowolnego programu z linii InsERT GT (1.38 lub wy\u017csza) lub InsERT nexo (6.0.0 lub wy\u017csza);<br \/>\nsta\u0142y dost\u0119p do Internetu w celu zarz\u0105dzania sklepem i zbierania zam\u00f3wie\u0144;<br \/>\nprzegl\u0105darka internetowa \u2013 np. Microsoft Internet Explorer w wersji 9.0 (lub nowszej);<br \/>\nkorzystanie z vendero mo\u017ce wymaga\u0107 aktualizacji wsp\u00f3\u0142pracuj\u0105cych z nim system\u00f3w sprzeda\u017cy Subiekt GT\/nexo (bezp\u0142atnie);<br \/>\nkompatybilne z IE11 \/ Microsoft EDGE.<br \/>\nWymagania systemowe dla InsERT GT<br \/>\nkomputer z procesorem 1 GHz (lub lepszym);<br \/>\noko\u0142o 500 MB wolnego miejsca na dysku twardym dla instalacji klienckiej;<br \/>\nsystem operacyjny Windows 7, Windows 8, Windows 8.1, Windows 10, Windows Server 2008 R2, Windows Server 2012, Windows Server 2012 R2, Windows Server 2016;<br \/>\nsystem obs\u0142ugi baz danych Microsoft SQL Server 2000, 2005, 2008, 2008 R2, 2012, 2014, 2016 &#8211; bezp\u0142atna wersja Microsoft SQL Server 2014 dostarczana jest wraz z systemem.<br \/>\nWymagania systemowe dla InsERT nexo<br \/>\nkomputer z procesorem Core2Duo (lub nowszym);<br \/>\n4GB pami\u0119ci operacyjnej RAM;<br \/>\nsystem operacyjny Windows 7, Windows 8, Windows 8.1, Windows 10, Windows Server 2008 R2, Windows Server 2012, Windows Server 2012 R2, Windows Server 2016;<br \/>\nsystem obs\u0142ugi baz danych Microsoft SQL Server 2008 R2 SP2, 2012, 2014, 2016 &#8211; bezp\u0142atna wersja Microsoft SQL Server 2014 dostarczana jest wraz z systemem.<\/p>\n","protected":false},"excerpt":{"rendered":"<p>Testowy produkt<\/p>\n","protected":false},"featured_media":1164,"comment_status":"open","ping_status":"closed","template":"","meta":[],"product_brand":[],"product_cat":[31],"product_tag":[],"class_list":{"0":"post-1165","1":"product","2":"type-product","3":"status-publish","4":"has-post-thumbnail","6":"product_cat-sprzedaz-internetowa","8":"first","9":"instock","10":"shipping-taxable","11":"purchasable","12":"product-type-simple"},"_links":{"self":[{"href":"https:\/\/wwsystem.com.pl\/dev\/wp-json\/wp\/v2\/product\/1165"}],"collection":[{"href":"https:\/\/wwsystem.com.pl\/dev\/wp-json\/wp\/v2\/product"}],"about":[{"href":"https:\/\/wwsystem.com.pl\/dev\/wp-json\/wp\/v2\/types\/product"}],"replies":[{"embeddable":true,"href":"https:\/\/wwsystem.com.pl\/dev\/wp-json\/wp\/v2\/comments?post=1165"}],"version-history":[{"count":0,"href":"https:\/\/wwsystem.com.pl\/dev\/wp-json\/wp\/v2\/product\/1165\/revisions"}],"wp:featuredmedia":[{"embeddable":true,"href":"https:\/\/wwsystem.com.pl\/dev\/wp-json\/wp\/v2\/media\/1164"}],"wp:attachment":[{"href":"https:\/\/wwsystem.com.pl\/dev\/wp-json\/wp\/v2\/media?parent=1165"}],"wp:term":[{"taxonomy":"product_brand","embeddable":true,"href":"https:\/\/wwsystem.com.pl\/dev\/wp-json\/wp\/v2\/product_brand?post=1165"},{"taxonomy":"product_cat","embeddable":true,"href":"https:\/\/wwsystem.com.pl\/dev\/wp-json\/wp\/v2\/product_cat?post=1165"},{"taxonomy":"product_tag","embeddable":true,"href":"https:\/\/wwsystem.com.pl\/dev\/wp-json\/wp\/v2\/product_tag?post=1165"}],"curies":[{"name":"wp","href":"https:\/\/api.w.org\/{rel}","templated":true}]}}