{"id":1185,"date":"2024-08-08T13:04:37","date_gmt":"2024-08-08T13:04:37","guid":{"rendered":"https:\/\/wwsystem.com.pl\/dev\/produkt\/rachmistrz-nexo-licencja-elektroniczna-na-3-st\/"},"modified":"2024-08-08T13:04:37","modified_gmt":"2024-08-08T13:04:37","slug":"rachmistrz-nexo-licencja-elektroniczna-na-3-st","status":"publish","type":"product","link":"https:\/\/wwsystem.com.pl\/dev\/produkt\/rachmistrz-nexo-licencja-elektroniczna-na-3-st\/","title":{"rendered":"Rachmistrz nexo (licencja elektroniczna na 3 st.)"},"content":{"rendered":"<p>Opis<br \/>\nRachmistrz nexo (licencja elektroniczna na 3 stanowiska)<br \/>\nLicencja InsERT nexo<br \/>\nCharakterystyka<br \/>\nRachmistrz nexo to system obs\u0142ugi uproszczonej ksi\u0119gowo\u015bci, przeznaczony dla firm prowadz\u0105cych ksi\u0119g\u0119 przychod\u00f3w i rozchod\u00f3w lub rozliczaj\u0105cych si\u0119 w formie rycza\u0142tu od przychod\u00f3w ewidencjonowanych. Bogata funkcjonalno\u015b\u0107 i prosta, intuicyjna obs\u0142uga to atuty, kt\u00f3re sprawiaj\u0105, \u017ce ewidencja ksi\u0119gowa z Rachmistrzem nexo przebiega szybko i sprawnie.<br \/>\nRachmistrz nexo zosta\u0142 wyposa\u017cony w szereg rozbudowanych funkcji u\u0142atwiaj\u0105cych prowadzenie ksi\u0119gowo\u015bci (od ewidencji VAT, um\u00f3w i p\u0142ac, \u015brodk\u00f3w trwa\u0142ych i pojazd\u00f3w, przez wystawianie deklaracji skarbowych i ZUS, operacje kasowe i operacje na rachunkach bankowych, po rozliczanie rozrachunk\u00f3w). Zaletami programu s\u0105 m.in. automatyczna dekretacja dokument\u00f3w oraz elastyczna obs\u0142uga finans\u00f3w i rozrachunk\u00f3w.<br \/>\nNajwa\u017cniejsze mo\u017cliwo\u015bci Rachmistrza nexo<br \/>\nprowadzenie ksi\u0119gi przychod\u00f3w i rozchod\u00f3w lub ewidencji podatku zrycza\u0142towanego (p\u0142ynne przej\u015bcie mi\u0119dzy r\u00f3\u017cnymi formami ksi\u0119gowo\u015bci);<br \/>\newidencja i rozliczanie ewidencji VAT: zakup\u00f3w, sprzeda\u017cy (w tym sprzeda\u017c mar\u017ca), rozliczenia metod\u0105 kasow\u0105, korekty VAT nieterminowych p\u0142atno\u015bci;<br \/>\newidencja \u015brodk\u00f3w trwa\u0142ych oraz warto\u015bci niematerialnych i prawnych (naliczanie i dekretacja amortyzacji z uwzgl\u0119dnieniem koszt\u00f3w przypadaj\u0105cych na miejsca u\u017cytkowania, wydruk tabeli i plan\u00f3w amortyzacji), a tak\u017ce ewidencja wyposa\u017cenia i remanent\u00f3w;<br \/>\npodstawowa obs\u0142uga wynagrodze\u0144: ewidencja osobowa, um\u00f3w cywilnoprawnych oraz um\u00f3w o prac\u0119;<br \/>\nzaawansowany system rozlicze\u0144 w\u0142a\u015bcicielskich: od sk\u0142adek ZUS wsp\u00f3lnika, poprzez ewidencj\u0119 przychod\u00f3w z innych \u017ar\u00f3de\u0142 (EP), do odlicze\u0144 i obni\u017cek podatku zwi\u0105zanych z r\u00f3\u017cnymi ulgami;<br \/>\newidencja i rozliczanie pojazd\u00f3w prywatnych wykorzystywanych do dzia\u0142alno\u015bci gospodarczej oraz pojazd\u00f3w firmowych z mo\u017cliwo\u015bci\u0105 cz\u0119\u015bciowego b\u0105d\u017a pe\u0142nego odliczenia VAT;<br \/>\nobs\u0142uga dowod\u00f3w wewn\u0119trznych &#8211; dokument\u00f3w w\u0142asnych podmiotu dotycz\u0105cych operacji zachodz\u0105cych wewn\u0105trz firmy;<br \/>\nobs\u0142uga operacji kasowych got\u00f3wkowych i bezgot\u00f3wkowych (p\u0142atno\u015b\u0107 kart\u0105 p\u0142atnicz\u0105, bony), raporty kasowe;<br \/>\nobs\u0142uga operacji zwi\u0105zanych z rachunkami bankowymi, polecenia przelewu standardowe, ZUS, podatkowe z wykorzystaniem bankowo\u015bci elektronicznej (off-line i on-line);<br \/>\newidencja i rozliczanie rozrachunk\u00f3w, integracja z zapisami ksi\u0119gowymi KPiR b\u0105d\u017a EP oraz z zapisami VAT;<br \/>\nwystawianie i wydruk deklaracji skarbowych rozliczaj\u0105cych podatek dochodowy wsp\u00f3lnik\u00f3w i pracownik\u00f3w oraz podatek VAT;<br \/>\nwystawianie deklaracji ZUS (RCA, RZA, DRA) oraz mo\u017cliwo\u015b\u0107 eksportu do programu P\u0142atnik;<br \/>\nautomatyczna dekretacja do KPiR lub EP oraz rejestr\u00f3w VAT za pomoc\u0105 definiowalnych schemat\u00f3w;<br \/>\nintegracja z systemem sprzeda\u017cy Subiekt nexo;<br \/>\nmo\u017cliwo\u015b\u0107 pracy jednostanowiskowej b\u0105d\u017a sieciowej.<br \/>\nWymagania systemowe<br \/>\nInsERT Rachmistrz nexo &#8211; aktualne wymagania systemowe.<\/p>\n","protected":false},"excerpt":{"rendered":"<p>Testowy produkt<\/p>\n","protected":false},"featured_media":1184,"comment_status":"open","ping_status":"closed","template":"","meta":[],"product_brand":[],"product_cat":[33],"product_tag":[],"class_list":{"0":"post-1185","1":"product","2":"type-product","3":"status-publish","4":"has-post-thumbnail","6":"product_cat-ksiega-przychodow-i-rozchodow","8":"first","9":"instock","10":"shipping-taxable","11":"purchasable","12":"product-type-simple"},"_links":{"self":[{"href":"https:\/\/wwsystem.com.pl\/dev\/wp-json\/wp\/v2\/product\/1185"}],"collection":[{"href":"https:\/\/wwsystem.com.pl\/dev\/wp-json\/wp\/v2\/product"}],"about":[{"href":"https:\/\/wwsystem.com.pl\/dev\/wp-json\/wp\/v2\/types\/product"}],"replies":[{"embeddable":true,"href":"https:\/\/wwsystem.com.pl\/dev\/wp-json\/wp\/v2\/comments?post=1185"}],"version-history":[{"count":0,"href":"https:\/\/wwsystem.com.pl\/dev\/wp-json\/wp\/v2\/product\/1185\/revisions"}],"wp:featuredmedia":[{"embeddable":true,"href":"https:\/\/wwsystem.com.pl\/dev\/wp-json\/wp\/v2\/media\/1184"}],"wp:attachment":[{"href":"https:\/\/wwsystem.com.pl\/dev\/wp-json\/wp\/v2\/media?parent=1185"}],"wp:term":[{"taxonomy":"product_brand","embeddable":true,"href":"https:\/\/wwsystem.com.pl\/dev\/wp-json\/wp\/v2\/product_brand?post=1185"},{"taxonomy":"product_cat","embeddable":true,"href":"https:\/\/wwsystem.com.pl\/dev\/wp-json\/wp\/v2\/product_cat?post=1185"},{"taxonomy":"product_tag","embeddable":true,"href":"https:\/\/wwsystem.com.pl\/dev\/wp-json\/wp\/v2\/product_tag?post=1185"}],"curies":[{"name":"wp","href":"https:\/\/api.w.org\/{rel}","templated":true}]}}