{"id":1189,"date":"2024-08-08T13:04:38","date_gmt":"2024-08-08T13:04:38","guid":{"rendered":"https:\/\/wwsystem.com.pl\/dev\/produkt\/rachmistrz-nexo-pro-licencja-elektroniczna-na-1-st\/"},"modified":"2024-08-08T13:04:38","modified_gmt":"2024-08-08T13:04:38","slug":"rachmistrz-nexo-pro-licencja-elektroniczna-na-1-st","status":"publish","type":"product","link":"https:\/\/wwsystem.com.pl\/dev\/produkt\/rachmistrz-nexo-pro-licencja-elektroniczna-na-1-st\/","title":{"rendered":"Rachmistrz nexo PRO (licencja elektroniczna na 1 st.)"},"content":{"rendered":"<p>Opis<br \/>\nRachmistrz nexo PRO1 &#8211; ksi\u0119ga przychod\u00f3w i rozchod\u00f3w (licencja elektroniczna)<br \/>\nLicencja InsERT nexo<br \/>\nCharakterystyka<br \/>\nZosta\u0144 PRO! W dniach od 1 do 31 sierpnia 2024 mo\u017cesz kupi\u0107 dowolny program tej nowoczesnej linii 50% do 70% taniej. Promocj\u0105 obj\u0119te s\u0105 tak\u017ce rozszerzenia do nexo PRO oraz zestawy dla biur rachunkowych.<\/p>\n<p>Jak skorzysta\u0107 z promocji<\/p>\n<p>Aby kupi\u0107 program InsERT nexo PRO taniej, wystarczy skorzysta\u0107 ze specjalnego kodu rabatowego.<br \/>\nRozszerzenia w promocyjnej cenie mo\u017cna kupowa\u0107 bez kodu, przez ca\u0142y okres trwania promocji.<br \/>\nKod rabatowy mo\u017cesz uzyska\u0107 na kilka sposob\u00f3w:<br \/>\nWchodz\u0105c na t\u0119 stron\u0119 i uzupe\u0142niaj\u0105c swoje dane. Po weryfikacji otrzymasz e-mail z kodem na podany w zg\u0142oszeniu adres.<br \/>\nKontaktuj\u0105c si\u0119 z naszym Partnerem.<br \/>\nKontaktuj\u0105c si\u0119 bezpo\u015brednio z Dzia\u0142em Sprzeda\u017cy InsERT &#8211; tel. 71 78 76 110, e-mail: sprzedaz@insert.com.pl.<br \/>\nUzyskany kod rabatowy mo\u017cesz wykorzysta\u0107 na kupno dowolnego programu, kt\u00f3ry jest obj\u0119ty promocj\u0105.<br \/>\nSprawd\u017a szczeg\u00f3\u0142y promocji.<\/p>\n<p>Rachmistrz nexo PRO to program do obs\u0142ugi uproszczonej ksi\u0119gowo\u015bci, przeznaczony dla firm rozliczaj\u0105cych si\u0119 w formie ksi\u0119gi przychod\u00f3w i rozchod\u00f3w lub rycza\u0142tu od przychod\u00f3w ewidencjonowanych. Sprawdza si\u0119 zar\u00f3wno w\u015br\u00f3d przedsi\u0119biorc\u00f3w samodzielnie dokumentuj\u0105cych swoj\u0105 dzia\u0142alno\u015b\u0107, jak i w biurach rachunkowych.<br \/>\nRachmistrz nexo PRO jest rozszerzon\u0105 wersj\u0105 Rachmistrza nexo, zapewniaj\u0105c\u0105 du\u017co wi\u0119ksz\u0105 elastyczno\u015b\u0107. Opr\u00f3cz pe\u0142nej funkcjonalno\u015bci standardowego systemu pozwala m.in. tworzy\u0107 w\u0142asne raporty i wydruki, na w\u0142asny spos\u00f3b opisywa\u0107 zdarzenia gospodarcze (np. dodatkowymi transakcjami VAT), dokonywa\u0107 analizy zapis\u00f3w wed\u0142ug r\u00f3\u017cnorodnych cech z wykorzystaniem tzw. p\u00f3l w\u0142asnych, czy te\u017c rozlicza\u0107 rozrachunki ratalnie lub ewidencjonowa\u0107 je wed\u0142ug w\u0142asnych typ\u00f3w. Mo\u017cliwa jest tak\u017ce realizacja indywidualnych rozwi\u0105za\u0144 poprzez tzw. punkty rozszerze\u0144 i Sfer\u0119 dla Rachmistrza nexo.<br \/>\nRachmistrz nexo PRO jest cz\u0119\u015bci\u0105 InsERT nexo PRO \u2013 zintegrowanego pakietu, w kt\u00f3rego sk\u0142ad wchodz\u0105 r\u00f3wnie\u017c: system obs\u0142ugi sprzeda\u017cy i gospodarki magazynowej Subiekt nexo PRO, system finansowo-ksi\u0119gowy Rewizor nexo PRO, system kadrowo-p\u0142acowy Gratyfikant nexo PRO oraz system zarz\u0105dzania relacjami z klientami Gestor nexo PRO.<br \/>\nPodstawowe mo\u017cliwo\u015bci Rachmistrza nexo PRO<br \/>\nprowadzenie ksi\u0119gi przychod\u00f3w i rozchod\u00f3w lub ewidencji podatku zrycza\u0142towanego (p\u0142ynne przej\u015bcie mi\u0119dzy r\u00f3\u017cnymi formami ksi\u0119gowo\u015bci);<br \/>\newidencja i rozliczanie ewidencji VAT: zakup\u00f3w, sprzeda\u017cy (w tym sprzeda\u017c mar\u017ca), rozliczenia metod\u0105 kasow\u0105, korekty VAT nieterminowych p\u0142atno\u015bci z mo\u017cliwo\u015bci\u0105 tworzenia zapis\u00f3w na podstawie JPK_VAT;<br \/>\newidencja \u015brodk\u00f3w trwa\u0142ych oraz warto\u015bci niematerialnych i prawnych (naliczanie i dekretacja amortyzacji z uwzgl\u0119dnieniem koszt\u00f3w przypadaj\u0105cych na miejsca u\u017cytkowania, wydruk tabeli i plan\u00f3w amortyzacji), a tak\u017ce ewidencji wyposa\u017cenia i remanent\u00f3w;<br \/>\npodstawowa obs\u0142uga wynagrodze\u0144: ewidencja osobowa, um\u00f3w cywilnoprawnych oraz um\u00f3w o prac\u0119;<br \/>\nzaawansowany system rozlicze\u0144 w\u0142a\u015bcicielskich: od sk\u0142adek ZUS wsp\u00f3lnika, poprzez ewidencj\u0119 przychod\u00f3w z innych \u017ar\u00f3de\u0142, do odlicze\u0144 i obni\u017cek podatku zwi\u0105zanych z r\u00f3\u017cnymi ulgami;<br \/>\newidencja i rozliczanie pojazd\u00f3w prywatnych wykorzystywanych do dzia\u0142alno\u015bci gospodarczej oraz pojazd\u00f3w firmowych z mo\u017cliwo\u015bci\u0105 cz\u0119\u015bciowego b\u0105d\u017a pe\u0142nego odliczenia VAT;<br \/>\nobs\u0142uga dowod\u00f3w wewn\u0119trznych &#8211; dokument\u00f3w w\u0142asnych podmiotu dotycz\u0105cych operacji zachodz\u0105cych wewn\u0105trz firmy;<br \/>\nobs\u0142uga operacji kasowych got\u00f3wkowych i bezgot\u00f3wkowych (p\u0142atno\u015b\u0107 kart\u0105 p\u0142atnicz\u0105, bony), raporty kasowe;<br \/>\nobs\u0142uga operacji zwi\u0105zanych z rachunkami bankowymi, polecenia przelewu standardowe, ZUS, podatkowe z wykorzystaniem bankowo\u015bci elektronicznej (offline i online);<br \/>\newidencja i rozliczanie rozrachunk\u00f3w, naliczanie r\u00f3\u017cnic kursowych, integracja z zapisami ksi\u0119gowymi KPiR b\u0105d\u017a EP oraz z zapisami VAT;<br \/>\nwystawianie i wydruk deklaracji skarbowych rozliczaj\u0105cych podatek dochodowy wsp\u00f3lnik\u00f3w i pracownik\u00f3w oraz podatek VAT;<br \/>\nwystawianie deklaracji ZUS (RCA, RZA, DRA) oraz mo\u017cliwo\u015b\u0107 eksportu do programu P\u0142atnik;<br \/>\nautomatyczna dekretacja do KPiR lub EP oraz rejestr\u00f3w VAT za pomoc\u0105 definiowalnych schemat\u00f3w;<br \/>\nintegracja z systemem sprzeda\u017cy Subiekt nexo;<br \/>\nmo\u017cliwo\u015b\u0107 pracy jednostanowiskowej b\u0105d\u017a sieciowej;<br \/>\nobs\u0142uga plik\u00f3w JPK_VAT (informacji o prowadzonej ewidencji VAT) i ich obowi\u0105zkowa wysy\u0142ka do Ministerstwa Finans\u00f3w;<br \/>\ngenerowanie ksi\u0105g oraz dowod\u00f3w ksi\u0119gowych do plik\u00f3w JPK i dostarczanie ich na potrzeby kontroli skarbowej za pomoc\u0105 \u015brodk\u00f3w komunikacji elektronicznej lub na informatycznych no\u015bnikach danych;<br \/>\nwsparcie dla procedury centralnego rozliczania VAT, gdzie ewidencja prowadzona jest w jednostce podrz\u0119dnej, a rozliczenia dokonane s\u0105 w jednostce centralnej (np. jednostki samorz\u0105du terytorialnego, kt\u00f3rym podlegaj\u0105 szko\u0142y, zak\u0142ady u\u017cyteczno\u015bci publicznej itp.);<br \/>\nbadanie statusu kontrahent\u00f3w na podstawie danych GUS, portali Ministerstwa Finans\u00f3w dotycz\u0105cych NIP i VAT, bazy aktywnych podatnik\u00f3w VIES oraz rejestru kaucji gwarancyjnych;<br \/>\nkomunikacja z klientami i pracownikami za pomoc\u0105 wbudowanego klienta poczty i SMS.<br \/>\nDodatkowe rozwi\u0105zania dost\u0119pne w wersji PRO<br \/>\nSfera dla Rachmistrza nexo \u2013 mo\u017cliwo\u015b\u0107 tworzenia w\u0142asnych rozwi\u0105za\u0144 (szczeg\u00f3\u0142owy opis i dokumentacja techniczna w nexo SDK &#8211; pobierz);<br \/>\ndefiniowalne transakcje VAT;<br \/>\ndefiniowanie w\u0142asnych typ\u00f3w amortyzacji;<br \/>\nsesje kasowe \u2013 narz\u0119dzie do weryfikacji pracy kasjera (w momencie zamykania sesji pogram sam wylicza, czy stan \u015brodk\u00f3w pieni\u0119\u017cnych jest zgodny z operacjami zarejestrowanymi w systemie);<br \/>\ndefiniowalne rodzaje rozrachunk\u00f3w;<br \/>\nmo\u017cliwo\u015b\u0107 podzielenia rozrachunku na raty (rozrachunek mo\u017ce by\u0107 podzielony na wiele kwot cz\u0105stkowych z okre\u015bleniem terminu p\u0142atno\u015bci dla ka\u017cdej z nich);<br \/>\newidencja sesji rozliczeniowych tworzonych automatycznie podczas dokonywania rozlicze\u0144;<br \/>\nrozliczenia wielowalutowe (mo\u017cliwo\u015b\u0107 zaewidencjonowania np. faktury w euro rozliczanej cz\u0119\u015bciowo w z\u0142ot\u00f3wkach, cz\u0119\u015bciowo w dolarach lub w innej walucie);<br \/>\nkompensaty wielowalutowe;<br \/>\nrozbudowane schematy dekretacji, kt\u00f3rych wykonanie mo\u017cna warunkowa\u0107 od dowolnej cechy dokumentu \u017ar\u00f3d\u0142owego;<br \/>\newidencjonowanie zapis\u00f3w w KPiR i EP uwzgl\u0119dniaj\u0105ce korekty uzyskania przychod\u00f3w wynikaj\u0105cych z odlicze\u0144 przypadaj\u0105cych w ca\u0142o\u015bci na wsp\u00f3lnika;<br \/>\npola i s\u0142owniki w\u0142asne do opisywania obiekt\u00f3w w programie umo\u017cliwiaj\u0105ce dokonanie analizy wg w\u0142asnych kryteri\u00f3w i do wykorzystania w warunkowych schematach dekretacji;<br \/>\ndefiniowanie w\u0142asnych raport\u00f3w i wydruk\u00f3w z mo\u017cliwo\u015bci\u0105 ich eksportu do innych program\u00f3w InsERT nexo;<br \/>\npunkty rozszerze\u0144 &#8211; mo\u017cliwo\u015b\u0107 rozszerzenia logiki biznesowej o w\u0142asne algorytmy (np. wyliczenie warto\u015bci konkretnego pola na deklaracji).<br \/>\nWymagania systemowe<br \/>\nInsERT Rachmistrz nexo PRO &#8211; aktualne wymagania systemowe.<\/p>\n","protected":false},"excerpt":{"rendered":"<p>Testowy produkt<\/p>\n","protected":false},"featured_media":1188,"comment_status":"open","ping_status":"closed","template":"","meta":[],"product_brand":[],"product_cat":[33],"product_tag":[],"class_list":{"0":"post-1189","1":"product","2":"type-product","3":"status-publish","4":"has-post-thumbnail","6":"product_cat-ksiega-przychodow-i-rozchodow","8":"first","9":"instock","10":"featured","11":"shipping-taxable","12":"purchasable","13":"product-type-simple"},"_links":{"self":[{"href":"https:\/\/wwsystem.com.pl\/dev\/wp-json\/wp\/v2\/product\/1189"}],"collection":[{"href":"https:\/\/wwsystem.com.pl\/dev\/wp-json\/wp\/v2\/product"}],"about":[{"href":"https:\/\/wwsystem.com.pl\/dev\/wp-json\/wp\/v2\/types\/product"}],"replies":[{"embeddable":true,"href":"https:\/\/wwsystem.com.pl\/dev\/wp-json\/wp\/v2\/comments?post=1189"}],"version-history":[{"count":0,"href":"https:\/\/wwsystem.com.pl\/dev\/wp-json\/wp\/v2\/product\/1189\/revisions"}],"wp:featuredmedia":[{"embeddable":true,"href":"https:\/\/wwsystem.com.pl\/dev\/wp-json\/wp\/v2\/media\/1188"}],"wp:attachment":[{"href":"https:\/\/wwsystem.com.pl\/dev\/wp-json\/wp\/v2\/media?parent=1189"}],"wp:term":[{"taxonomy":"product_brand","embeddable":true,"href":"https:\/\/wwsystem.com.pl\/dev\/wp-json\/wp\/v2\/product_brand?post=1189"},{"taxonomy":"product_cat","embeddable":true,"href":"https:\/\/wwsystem.com.pl\/dev\/wp-json\/wp\/v2\/product_cat?post=1189"},{"taxonomy":"product_tag","embeddable":true,"href":"https:\/\/wwsystem.com.pl\/dev\/wp-json\/wp\/v2\/product_tag?post=1189"}],"curies":[{"name":"wp","href":"https:\/\/api.w.org\/{rel}","templated":true}]}}