{"id":1199,"date":"2024-08-08T13:04:41","date_gmt":"2024-08-08T13:04:41","guid":{"rendered":"https:\/\/wwsystem.com.pl\/dev\/produkt\/gratyfikant-nexo-pro-5-50-licencja-elektroniczna\/"},"modified":"2024-08-08T13:04:41","modified_gmt":"2024-08-08T13:04:41","slug":"gratyfikant-nexo-pro-5-50-licencja-elektroniczna","status":"publish","type":"product","link":"https:\/\/wwsystem.com.pl\/dev\/produkt\/gratyfikant-nexo-pro-5-50-licencja-elektroniczna\/","title":{"rendered":"Gratyfikant nexo PRO 5\/50 (licencja elektroniczna)"},"content":{"rendered":"<p>Opis<br \/>\nGratyfikant nexo PRO 5\/50 (licencja elektroniczna)<br \/>\nLicencja InsERT nexo<br \/>\nCharakterystyka<\/p>\n<p>Zosta\u0144 PRO! W dniach od 1 do 31 sierpnia 2024 mo\u017cesz kupi\u0107 dowolny program tej nowoczesnej linii 50% do 70% taniej. Promocj\u0105 obj\u0119te s\u0105 tak\u017ce rozszerzenia do nexo PRO oraz zestawy dla biur rachunkowych.<\/p>\n<p>Jak skorzysta\u0107 z promocji<\/p>\n<p>Aby kupi\u0107 program InsERT nexo PRO taniej, wystarczy skorzysta\u0107 ze specjalnego kodu rabatowego.<br \/>\nRozszerzenia w promocyjnej cenie mo\u017cna kupowa\u0107 bez kodu, przez ca\u0142y okres trwania promocji.<br \/>\nKod rabatowy mo\u017cesz uzyska\u0107 na kilka sposob\u00f3w:<br \/>\nWchodz\u0105c na t\u0119 stron\u0119 i uzupe\u0142niaj\u0105c swoje dane. Po weryfikacji otrzymasz e-mail z kodem na podany w zg\u0142oszeniu adres.<br \/>\nKontaktuj\u0105c si\u0119 z naszym Partnerem.<br \/>\nKontaktuj\u0105c si\u0119 bezpo\u015brednio z Dzia\u0142em Sprzeda\u017cy InsERT &#8211; tel. 71 78 76 110, e-mail: sprzedaz@insert.com.pl.<br \/>\nUzyskany kod rabatowy mo\u017cesz wykorzysta\u0107 na kupno dowolnego programu, kt\u00f3ry jest obj\u0119ty promocj\u0105.<br \/>\nSprawd\u017a szczeg\u00f3\u0142y promocji.<\/p>\n<p>Gratyfikant nexo PRO to system kompleksowo wspomagaj\u0105cy obs\u0142ug\u0119 kadr i p\u0142ac w ma\u0142ych i \u015brednich firmach oraz w biurach rachunkowych. Intuicyjny interfejs i automatyzacja wielu czynno\u015bci znacznie przy\u015bpieszaj\u0105 prac\u0119, a du\u017ca elastyczno\u015b\u0107 daje szerokie mo\u017cliwo\u015bci konfiguracji.<br \/>\nGratyfikant nexo PRO zawiera wszystkie funkcje niezb\u0119dne w dziale kadr i p\u0142ac \u2013 od prowadzenia rozbudowanej ewidencji osobowej i wystawiania um\u00f3w o prac\u0119 i um\u00f3w cywilnoprawnych, przez proste i zaawansowane planowanie i naliczanie wynagrodze\u0144, po generowanie rozlicze\u0144 z urz\u0119dem skarbowym i ZUS oraz wystawianie r\u00f3\u017cnych dokument\u00f3w kadrowo-p\u0142acowych.<br \/>\nGratyfikant nexo PRO jest rozszerzon\u0105 wersj\u0105 Gratyfikanta nexo, stworzon\u0105 dla firm, kt\u00f3re potrzebuj\u0105 elastycznego, otwartego systemu kadrowo-p\u0142acowego. Opr\u00f3cz pe\u0142nej funkcjonalno\u015bci standardowego programu zawiera wiele dodatkowych rozwi\u0105za\u0144. Pozwala m.in. na rozbudowan\u0105 obs\u0142ug\u0119 um\u00f3w cywilnoprawnych (sk\u0142adniki p\u0142acowe, dzia\u0142, stanowisko, absencje i inne), zaawansowane definiowanie warto\u015bci sk\u0142adnik\u00f3w p\u0142acowych, tworzenie w\u0142asnych raport\u00f3w i wydruk\u00f3w, specyficzne opisywanie danych z wykorzystaniem tzw. p\u00f3l w\u0142asnych. Poprzez tzw. punkty rozszerze\u0144 i Sfer\u0119 dla Gratyfikanta mo\u017cna dodawa\u0107 indywidualne rozwi\u0105zania dostosowane do specyfiki firmy.<br \/>\nNajwa\u017cniejsze mo\u017cliwo\u015bci Gratyfikanta nexo PRO<br \/>\nstrona g\u0142\u00f3wna programu zbieraj\u0105ca najwa\u017cniejsze informacje o bie\u017c\u0105cym stanie rozlicze\u0144 kadrowo-p\u0142acowych w firmie;<br \/>\nwbudowany mechanizm przypomnie\u0144 kadrowych \u2013 np. po rozwi\u0105zaniu umowy program przypomni o konieczno\u015bci wystawienia \u015bwiadectwa pracy, informacji PIT-11 oraz o wyrejestrowaniu z ubezpiecze\u0144;<br \/>\nprosty, intuicyjny i jednocze\u015bnie daj\u0105cy wiele mo\u017cliwo\u015bci system planowania i realizacji wynagrodze\u0144 pracownik\u00f3w i zleceniobiorc\u00f3w:<br \/>\nsk\u0142adniki p\u0142acowe kwotowe, definiowalne, z rozbudowanymi mo\u017cliwo\u015bciami parametryzacji;<br \/>\nokre\u015blanie warto\u015bci sk\u0142adnik\u00f3w globalnie, dla dzia\u0142\u00f3w lub poszczeg\u00f3lnych pracownik\u00f3w;<br \/>\n\u0142atwe wprowadzanie zmian w systemie wynagrodze\u0144 za pomoc\u0105 operacji zbiorczych;<br \/>\nrozliczanie ewidencji czasu pracy, akord\u00f3w, prowizji, potr\u0105ce\u0144 komorniczych;<br \/>\nautomatyzacja naliczania wynagrodze\u0144 \u2013 przypomnienia, rozbudowany i intuicyjny kreator;<br \/>\nanalizator wyp\u0142aty \u2013 szczeg\u00f3\u0142owy opis oblicze\u0144 poszczeg\u00f3lnych warto\u015bci wyp\u0142aty;<br \/>\ndu\u017ce mo\u017cliwo\u015bci konfiguracji wydruk\u00f3w list p\u0142ac;<br \/>\nrozbudowana ewidencja osobowa z przejrzy\u015bcie pogrupowanymi danymi umo\u017cliwiaj\u0105ca gromadzenie wszelkich informacji niezb\u0119dnych do wygodnej obs\u0142ugi pracownik\u00f3w;<br \/>\numowy o prac\u0119 i cywilnoprawne wraz z aneksami;<br \/>\nbogaty zestaw wbudowanych wydruk\u00f3w kadrowych (umowy, aneksy, \u015bwiadectwo, za\u015bwiadczenia, o\u015bwiadczenia, skierowania i inne); mo\u017cliwo\u015b\u0107 tworzenia w\u0142asnych wzorc\u00f3w;<br \/>\nplanowanie czasu pracy, obs\u0142uga wielu system\u00f3w rozliczania czasu pracy, dowolne okresy rozliczeniowe;<br \/>\newidencja czasu pracy:<br \/>\ngodziny przepracowane, nadgodziny dzienne i \u015bredniotygodniowe, godziny nocne;<br \/>\nurlopy, zwolnienia lekarskie, inne nieobecno\u015bci;<br \/>\nekwiwalenty za urlop;<br \/>\nakordy, prowizje i potr\u0105cenia komornicze;<br \/>\nobs\u0142uga delegacji krajowych i zagranicznych;<br \/>\nnaliczanie, drukowanie i wysy\u0142ka elektroniczna deklaracji skarbowych (PIT-2, PIT-4R, PIT-8AR, PIT-8C, PIT-11, PIT-12, PIT-40);<br \/>\ngenerowanie deklaracji zg\u0142oszeniowych i rozliczeniowych ZUS \u2013 wsp\u00f3\u0142praca z programem P\u0142atnik;<br \/>\nbankowo\u015b\u0107 elektroniczna;<br \/>\nPortal pracownika \u2013 nowoczesny kana\u0142 komunikacji z pracownikiem, kt\u00f3ry za pomoc\u0105 przegl\u0105darki internetowej z dowolnego miejsca mo\u017ce mie\u0107 wgl\u0105d do swoich danych.<br \/>\nDodatkowe rozwi\u0105zania dost\u0119pne w wersji PRO<br \/>\nfera dla Gratyfikanta \u2013 mo\u017cliwo\u015b\u0107 tworzenia w\u0142asnych rozwi\u0105za\u0144 (szczeg\u00f3\u0142owy opis i dokumentacja techniczna w nexo SDK &#8211; pobierz);<br \/>\ntzw. punkty rozszerzania \u2013 mo\u017cliwo\u015b\u0107 rozszerzania logiki biznesowej o w\u0142asne algorytmy (np. w\u0142asne sk\u0142adniki p\u0142acowe, tzw. pluginy);<br \/>\npola i s\u0142owniki w\u0142asne do opisywania obiekt\u00f3w w programie umo\u017cliwiaj\u0105ce dokonanie analizy wed\u0142ug w\u0142asnych kryteri\u00f3w;<br \/>\ndefiniowanie w\u0142asnych raport\u00f3w i wydruk\u00f3w z mo\u017cliwo\u015bci\u0105 ich eksportu do innych program\u00f3w InsERT nexo;<br \/>\nflagi w\u0142asne definiowane dla konkretnych obszar\u00f3w biznesowych (np. um\u00f3w o prac\u0119);<br \/>\ndedykowane widoki w modu\u0142ach;<br \/>\ndefiniowanie w\u0142asnych r\u00f3l u\u017cytkownik\u00f3w;<br \/>\nrozszerzone mo\u017cliwo\u015bci um\u00f3w cywilnoprawnych: prowadzenie kalendarza, ewidencja czasu pracy \u2013 godziny przepracowane, ewidencjonowanie r\u00f3\u017cnego rodzaju absencji, dost\u0119p do ewidencji nalicze\u0144 i potr\u0105ce\u0144, dowolne sk\u0142adniki p\u0142acowe;<br \/>\nrozszerzone mo\u017cliwo\u015bci sk\u0142adnik\u00f3w definiowalnych \u2013 odwo\u0142ywanie si\u0119 do warto\u015bci z innych wyp\u0142at\/rachunk\u00f3w z bie\u017c\u0105cego miesi\u0105ca oraz wyp\u0142at\/rachunk\u00f3w z poprzednich miesi\u0119cy;<br \/>\nwielopoziomowa struktura organizacyjna.<br \/>\nWymagania systemowe<br \/>\nInsERT Gratyfikant nexo PRO &#8211; aktualne wymagania systemowe.<\/p>\n","protected":false},"excerpt":{"rendered":"<p>Testowy produkt<\/p>\n","protected":false},"featured_media":1198,"comment_status":"open","ping_status":"closed","template":"","meta":[],"product_brand":[],"product_cat":[35],"product_tag":[],"class_list":{"0":"post-1199","1":"product","2":"type-product","3":"status-publish","4":"has-post-thumbnail","6":"product_cat-kadry-i-place","8":"first","9":"instock","10":"featured","11":"shipping-taxable","12":"purchasable","13":"product-type-simple"},"_links":{"self":[{"href":"https:\/\/wwsystem.com.pl\/dev\/wp-json\/wp\/v2\/product\/1199"}],"collection":[{"href":"https:\/\/wwsystem.com.pl\/dev\/wp-json\/wp\/v2\/product"}],"about":[{"href":"https:\/\/wwsystem.com.pl\/dev\/wp-json\/wp\/v2\/types\/product"}],"replies":[{"embeddable":true,"href":"https:\/\/wwsystem.com.pl\/dev\/wp-json\/wp\/v2\/comments?post=1199"}],"version-history":[{"count":0,"href":"https:\/\/wwsystem.com.pl\/dev\/wp-json\/wp\/v2\/product\/1199\/revisions"}],"wp:featuredmedia":[{"embeddable":true,"href":"https:\/\/wwsystem.com.pl\/dev\/wp-json\/wp\/v2\/media\/1198"}],"wp:attachment":[{"href":"https:\/\/wwsystem.com.pl\/dev\/wp-json\/wp\/v2\/media?parent=1199"}],"wp:term":[{"taxonomy":"product_brand","embeddable":true,"href":"https:\/\/wwsystem.com.pl\/dev\/wp-json\/wp\/v2\/product_brand?post=1199"},{"taxonomy":"product_cat","embeddable":true,"href":"https:\/\/wwsystem.com.pl\/dev\/wp-json\/wp\/v2\/product_cat?post=1199"},{"taxonomy":"product_tag","embeddable":true,"href":"https:\/\/wwsystem.com.pl\/dev\/wp-json\/wp\/v2\/product_tag?post=1199"}],"curies":[{"name":"wp","href":"https:\/\/api.w.org\/{rel}","templated":true}]}}